{"id":114,"date":"2021-11-11T13:14:20","date_gmt":"2021-11-11T13:14:20","guid":{"rendered":"http:\/\/solar.everspc.de\/?page_id=114"},"modified":"2021-11-11T13:14:20","modified_gmt":"2021-11-11T13:14:20","slug":"photovoltaik-als-vordach-und-ueberstand","status":"publish","type":"page","link":"https:\/\/solar.everspc.de\/?page_id=114","title":{"rendered":"Photovoltaik als Vordach und \u00dcberstand"},"content":{"rendered":"\n<p>Ist das Dach belegt, k\u00f6nnte ein Vordach oder \u00dcberstand die L\u00f6sung f\u00fcr noch mehr Leistung aus der Sonne zu beziehen. Damit die Solarmodule allerdings nicht zu viel Licht im inneren des Geb\u00e4udes nehmen, gibt es Lichtdurchl\u00e4ssige Solarmodule. Bei diesen sind lediglich die Solarzellen Licht undurchl\u00e4ssig, die R\u00e4nder sind allerdings durchl\u00e4ssig. <br>Hier haben wir 2 Beispiele, wie das aussehen k\u00f6nnte:<br><\/p>\n\n\n\n<p>24 Solarzellen in Lichtdurchl\u00e4ssigen Glas\/Glas Modulen<\/p>\n\n\n\n<figure class=\"wp-block-gallery columns-3 is-cropped wp-block-gallery-1 is-layout-flex wp-block-gallery-is-layout-flex\"><ul class=\"blocks-gallery-grid\"><li class=\"blocks-gallery-item\"><figure><img loading=\"lazy\" decoding=\"async\" width=\"768\" height=\"1024\" src=\"http:\/\/solar.everspc.de\/wp-content\/uploads\/2021\/11\/IMG_20211111_122103_441-768x1024.jpg\" alt=\"\" data-id=\"115\" data-full-url=\"http:\/\/solar.everspc.de\/wp-content\/uploads\/2021\/11\/IMG_20211111_122103_441.jpg\" data-link=\"http:\/\/solar.everspc.de\/?attachment_id=115\" class=\"wp-image-115\" srcset=\"https:\/\/solar.everspc.de\/wp-content\/uploads\/2021\/11\/IMG_20211111_122103_441-768x1024.jpg 768w, https:\/\/solar.everspc.de\/wp-content\/uploads\/2021\/11\/IMG_20211111_122103_441-225x300.jpg 225w, https:\/\/solar.everspc.de\/wp-content\/uploads\/2021\/11\/IMG_20211111_122103_441-1152x1536.jpg 1152w, https:\/\/solar.everspc.de\/wp-content\/uploads\/2021\/11\/IMG_20211111_122103_441-1536x2048.jpg 1536w, https:\/\/solar.everspc.de\/wp-content\/uploads\/2021\/11\/IMG_20211111_122103_441-100x133.jpg 100w, https:\/\/solar.everspc.de\/wp-content\/uploads\/2021\/11\/IMG_20211111_122103_441-150x200.jpg 150w, https:\/\/solar.everspc.de\/wp-content\/uploads\/2021\/11\/IMG_20211111_122103_441-200x267.jpg 200w, https:\/\/solar.everspc.de\/wp-content\/uploads\/2021\/11\/IMG_20211111_122103_441-300x400.jpg 300w, https:\/\/solar.everspc.de\/wp-content\/uploads\/2021\/11\/IMG_20211111_122103_441-450x600.jpg 450w, https:\/\/solar.everspc.de\/wp-content\/uploads\/2021\/11\/IMG_20211111_122103_441-600x800.jpg 600w, https:\/\/solar.everspc.de\/wp-content\/uploads\/2021\/11\/IMG_20211111_122103_441-900x1200.jpg 900w, https:\/\/solar.everspc.de\/wp-content\/uploads\/2021\/11\/IMG_20211111_122103_441.jpg 1728w\" sizes=\"(max-width: 768px) 100vw, 768px\" \/><\/figure><\/li><li class=\"blocks-gallery-item\"><figure><img loading=\"lazy\" decoding=\"async\" width=\"768\" height=\"1024\" src=\"http:\/\/solar.everspc.de\/wp-content\/uploads\/2021\/11\/IMG_20211111_122105_211-768x1024.jpg\" alt=\"\" data-id=\"116\" data-full-url=\"http:\/\/solar.everspc.de\/wp-content\/uploads\/2021\/11\/IMG_20211111_122105_211.jpg\" data-link=\"http:\/\/solar.everspc.de\/?attachment_id=116\" class=\"wp-image-116\" srcset=\"https:\/\/solar.everspc.de\/wp-content\/uploads\/2021\/11\/IMG_20211111_122105_211-768x1024.jpg 768w, https:\/\/solar.everspc.de\/wp-content\/uploads\/2021\/11\/IMG_20211111_122105_211-225x300.jpg 225w, https:\/\/solar.everspc.de\/wp-content\/uploads\/2021\/11\/IMG_20211111_122105_211-1152x1536.jpg 1152w, https:\/\/solar.everspc.de\/wp-content\/uploads\/2021\/11\/IMG_20211111_122105_211-1536x2048.jpg 1536w, https:\/\/solar.everspc.de\/wp-content\/uploads\/2021\/11\/IMG_20211111_122105_211-100x133.jpg 100w, https:\/\/solar.everspc.de\/wp-content\/uploads\/2021\/11\/IMG_20211111_122105_211-150x200.jpg 150w, https:\/\/solar.everspc.de\/wp-content\/uploads\/2021\/11\/IMG_20211111_122105_211-200x267.jpg 200w, https:\/\/solar.everspc.de\/wp-content\/uploads\/2021\/11\/IMG_20211111_122105_211-300x400.jpg 300w, https:\/\/solar.everspc.de\/wp-content\/uploads\/2021\/11\/IMG_20211111_122105_211-450x600.jpg 450w, https:\/\/solar.everspc.de\/wp-content\/uploads\/2021\/11\/IMG_20211111_122105_211-600x800.jpg 600w, https:\/\/solar.everspc.de\/wp-content\/uploads\/2021\/11\/IMG_20211111_122105_211-900x1200.jpg 900w, https:\/\/solar.everspc.de\/wp-content\/uploads\/2021\/11\/IMG_20211111_122105_211.jpg 1728w\" sizes=\"(max-width: 768px) 100vw, 768px\" \/><\/figure><\/li><li class=\"blocks-gallery-item\"><figure><img loading=\"lazy\" decoding=\"async\" width=\"768\" height=\"1024\" src=\"http:\/\/solar.everspc.de\/wp-content\/uploads\/2021\/11\/IMG_20211111_122115_001-768x1024.jpg\" alt=\"\" data-id=\"117\" data-full-url=\"http:\/\/solar.everspc.de\/wp-content\/uploads\/2021\/11\/IMG_20211111_122115_001.jpg\" data-link=\"http:\/\/solar.everspc.de\/?attachment_id=117\" class=\"wp-image-117\" srcset=\"https:\/\/solar.everspc.de\/wp-content\/uploads\/2021\/11\/IMG_20211111_122115_001-768x1024.jpg 768w, https:\/\/solar.everspc.de\/wp-content\/uploads\/2021\/11\/IMG_20211111_122115_001-225x300.jpg 225w, https:\/\/solar.everspc.de\/wp-content\/uploads\/2021\/11\/IMG_20211111_122115_001-1152x1536.jpg 1152w, https:\/\/solar.everspc.de\/wp-content\/uploads\/2021\/11\/IMG_20211111_122115_001-1536x2048.jpg 1536w, https:\/\/solar.everspc.de\/wp-content\/uploads\/2021\/11\/IMG_20211111_122115_001-100x133.jpg 100w, https:\/\/solar.everspc.de\/wp-content\/uploads\/2021\/11\/IMG_20211111_122115_001-150x200.jpg 150w, https:\/\/solar.everspc.de\/wp-content\/uploads\/2021\/11\/IMG_20211111_122115_001-200x267.jpg 200w, https:\/\/solar.everspc.de\/wp-content\/uploads\/2021\/11\/IMG_20211111_122115_001-300x400.jpg 300w, https:\/\/solar.everspc.de\/wp-content\/uploads\/2021\/11\/IMG_20211111_122115_001-450x600.jpg 450w, https:\/\/solar.everspc.de\/wp-content\/uploads\/2021\/11\/IMG_20211111_122115_001-600x800.jpg 600w, https:\/\/solar.everspc.de\/wp-content\/uploads\/2021\/11\/IMG_20211111_122115_001-900x1200.jpg 900w, https:\/\/solar.everspc.de\/wp-content\/uploads\/2021\/11\/IMG_20211111_122115_001.jpg 1728w\" sizes=\"(max-width: 768px) 100vw, 768px\" \/><\/figure><\/li><li class=\"blocks-gallery-item\"><figure><img loading=\"lazy\" decoding=\"async\" width=\"1024\" height=\"768\" src=\"http:\/\/solar.everspc.de\/wp-content\/uploads\/2021\/11\/IMG_20211111_122129_400-1024x768.jpg\" alt=\"\" data-id=\"118\" data-full-url=\"http:\/\/solar.everspc.de\/wp-content\/uploads\/2021\/11\/IMG_20211111_122129_400.jpg\" data-link=\"http:\/\/solar.everspc.de\/?attachment_id=118\" class=\"wp-image-118\" srcset=\"https:\/\/solar.everspc.de\/wp-content\/uploads\/2021\/11\/IMG_20211111_122129_400-1024x768.jpg 1024w, https:\/\/solar.everspc.de\/wp-content\/uploads\/2021\/11\/IMG_20211111_122129_400-300x225.jpg 300w, https:\/\/solar.everspc.de\/wp-content\/uploads\/2021\/11\/IMG_20211111_122129_400-768x576.jpg 768w, https:\/\/solar.everspc.de\/wp-content\/uploads\/2021\/11\/IMG_20211111_122129_400-1536x1152.jpg 1536w, https:\/\/solar.everspc.de\/wp-content\/uploads\/2021\/11\/IMG_20211111_122129_400-2048x1536.jpg 2048w, https:\/\/solar.everspc.de\/wp-content\/uploads\/2021\/11\/IMG_20211111_122129_400-100x75.jpg 100w, https:\/\/solar.everspc.de\/wp-content\/uploads\/2021\/11\/IMG_20211111_122129_400-150x113.jpg 150w, https:\/\/solar.everspc.de\/wp-content\/uploads\/2021\/11\/IMG_20211111_122129_400-200x150.jpg 200w, https:\/\/solar.everspc.de\/wp-content\/uploads\/2021\/11\/IMG_20211111_122129_400-450x338.jpg 450w, https:\/\/solar.everspc.de\/wp-content\/uploads\/2021\/11\/IMG_20211111_122129_400-600x450.jpg 600w, https:\/\/solar.everspc.de\/wp-content\/uploads\/2021\/11\/IMG_20211111_122129_400-900x675.jpg 900w\" sizes=\"(max-width: 1024px) 100vw, 1024px\" \/><\/figure><\/li><\/ul><\/figure>\n\n\n\n<p>70 Solarzellen in Lichtdurchl\u00e4ssigen Glas\/Glas Modulen.<\/p>\n\n\n\n<figure class=\"wp-block-gallery columns-3 is-cropped wp-block-gallery-2 is-layout-flex wp-block-gallery-is-layout-flex\"><ul class=\"blocks-gallery-grid\"><li class=\"blocks-gallery-item\"><figure><img loading=\"lazy\" decoding=\"async\" width=\"768\" height=\"1024\" src=\"http:\/\/solar.everspc.de\/wp-content\/uploads\/2021\/11\/IMG_20211111_122020_696-768x1024.jpg\" alt=\"\" data-id=\"119\" data-full-url=\"http:\/\/solar.everspc.de\/wp-content\/uploads\/2021\/11\/IMG_20211111_122020_696.jpg\" data-link=\"http:\/\/solar.everspc.de\/?attachment_id=119\" class=\"wp-image-119\" srcset=\"https:\/\/solar.everspc.de\/wp-content\/uploads\/2021\/11\/IMG_20211111_122020_696-768x1024.jpg 768w, https:\/\/solar.everspc.de\/wp-content\/uploads\/2021\/11\/IMG_20211111_122020_696-225x300.jpg 225w, https:\/\/solar.everspc.de\/wp-content\/uploads\/2021\/11\/IMG_20211111_122020_696-1152x1536.jpg 1152w, https:\/\/solar.everspc.de\/wp-content\/uploads\/2021\/11\/IMG_20211111_122020_696-1536x2048.jpg 1536w, https:\/\/solar.everspc.de\/wp-content\/uploads\/2021\/11\/IMG_20211111_122020_696-100x133.jpg 100w, https:\/\/solar.everspc.de\/wp-content\/uploads\/2021\/11\/IMG_20211111_122020_696-150x200.jpg 150w, https:\/\/solar.everspc.de\/wp-content\/uploads\/2021\/11\/IMG_20211111_122020_696-200x267.jpg 200w, https:\/\/solar.everspc.de\/wp-content\/uploads\/2021\/11\/IMG_20211111_122020_696-300x400.jpg 300w, https:\/\/solar.everspc.de\/wp-content\/uploads\/2021\/11\/IMG_20211111_122020_696-450x600.jpg 450w, https:\/\/solar.everspc.de\/wp-content\/uploads\/2021\/11\/IMG_20211111_122020_696-600x800.jpg 600w, https:\/\/solar.everspc.de\/wp-content\/uploads\/2021\/11\/IMG_20211111_122020_696-900x1200.jpg 900w, https:\/\/solar.everspc.de\/wp-content\/uploads\/2021\/11\/IMG_20211111_122020_696.jpg 1728w\" sizes=\"(max-width: 768px) 100vw, 768px\" \/><\/figure><\/li><li class=\"blocks-gallery-item\"><figure><img loading=\"lazy\" decoding=\"async\" width=\"768\" height=\"1024\" src=\"http:\/\/solar.everspc.de\/wp-content\/uploads\/2021\/11\/IMG_20211111_122023_259-768x1024.jpg\" alt=\"\" data-id=\"120\" data-full-url=\"http:\/\/solar.everspc.de\/wp-content\/uploads\/2021\/11\/IMG_20211111_122023_259.jpg\" data-link=\"http:\/\/solar.everspc.de\/?attachment_id=120\" class=\"wp-image-120\" srcset=\"https:\/\/solar.everspc.de\/wp-content\/uploads\/2021\/11\/IMG_20211111_122023_259-768x1024.jpg 768w, https:\/\/solar.everspc.de\/wp-content\/uploads\/2021\/11\/IMG_20211111_122023_259-225x300.jpg 225w, https:\/\/solar.everspc.de\/wp-content\/uploads\/2021\/11\/IMG_20211111_122023_259-1152x1536.jpg 1152w, https:\/\/solar.everspc.de\/wp-content\/uploads\/2021\/11\/IMG_20211111_122023_259-1536x2048.jpg 1536w, https:\/\/solar.everspc.de\/wp-content\/uploads\/2021\/11\/IMG_20211111_122023_259-100x133.jpg 100w, https:\/\/solar.everspc.de\/wp-content\/uploads\/2021\/11\/IMG_20211111_122023_259-150x200.jpg 150w, https:\/\/solar.everspc.de\/wp-content\/uploads\/2021\/11\/IMG_20211111_122023_259-200x267.jpg 200w, https:\/\/solar.everspc.de\/wp-content\/uploads\/2021\/11\/IMG_20211111_122023_259-300x400.jpg 300w, https:\/\/solar.everspc.de\/wp-content\/uploads\/2021\/11\/IMG_20211111_122023_259-450x600.jpg 450w, https:\/\/solar.everspc.de\/wp-content\/uploads\/2021\/11\/IMG_20211111_122023_259-600x800.jpg 600w, https:\/\/solar.everspc.de\/wp-content\/uploads\/2021\/11\/IMG_20211111_122023_259-900x1200.jpg 900w, https:\/\/solar.everspc.de\/wp-content\/uploads\/2021\/11\/IMG_20211111_122023_259.jpg 1728w\" sizes=\"(max-width: 768px) 100vw, 768px\" \/><\/figure><\/li><li class=\"blocks-gallery-item\"><figure><img loading=\"lazy\" decoding=\"async\" width=\"768\" height=\"1024\" src=\"http:\/\/solar.everspc.de\/wp-content\/uploads\/2021\/11\/IMG_20211111_122026_002-768x1024.jpg\" alt=\"\" data-id=\"121\" data-full-url=\"http:\/\/solar.everspc.de\/wp-content\/uploads\/2021\/11\/IMG_20211111_122026_002.jpg\" data-link=\"http:\/\/solar.everspc.de\/?attachment_id=121\" class=\"wp-image-121\" srcset=\"https:\/\/solar.everspc.de\/wp-content\/uploads\/2021\/11\/IMG_20211111_122026_002-768x1024.jpg 768w, https:\/\/solar.everspc.de\/wp-content\/uploads\/2021\/11\/IMG_20211111_122026_002-225x300.jpg 225w, https:\/\/solar.everspc.de\/wp-content\/uploads\/2021\/11\/IMG_20211111_122026_002-1152x1536.jpg 1152w, https:\/\/solar.everspc.de\/wp-content\/uploads\/2021\/11\/IMG_20211111_122026_002-1536x2048.jpg 1536w, https:\/\/solar.everspc.de\/wp-content\/uploads\/2021\/11\/IMG_20211111_122026_002-100x133.jpg 100w, https:\/\/solar.everspc.de\/wp-content\/uploads\/2021\/11\/IMG_20211111_122026_002-150x200.jpg 150w, https:\/\/solar.everspc.de\/wp-content\/uploads\/2021\/11\/IMG_20211111_122026_002-200x267.jpg 200w, https:\/\/solar.everspc.de\/wp-content\/uploads\/2021\/11\/IMG_20211111_122026_002-300x400.jpg 300w, https:\/\/solar.everspc.de\/wp-content\/uploads\/2021\/11\/IMG_20211111_122026_002-450x600.jpg 450w, https:\/\/solar.everspc.de\/wp-content\/uploads\/2021\/11\/IMG_20211111_122026_002-600x800.jpg 600w, https:\/\/solar.everspc.de\/wp-content\/uploads\/2021\/11\/IMG_20211111_122026_002-900x1200.jpg 900w, https:\/\/solar.everspc.de\/wp-content\/uploads\/2021\/11\/IMG_20211111_122026_002.jpg 1728w\" sizes=\"(max-width: 768px) 100vw, 768px\" \/><\/figure><\/li><li class=\"blocks-gallery-item\"><figure><img loading=\"lazy\" decoding=\"async\" width=\"1024\" height=\"768\" src=\"http:\/\/solar.everspc.de\/wp-content\/uploads\/2021\/11\/IMG_20211111_122039_276-1024x768.jpg\" alt=\"\" data-id=\"122\" data-full-url=\"http:\/\/solar.everspc.de\/wp-content\/uploads\/2021\/11\/IMG_20211111_122039_276.jpg\" data-link=\"http:\/\/solar.everspc.de\/?attachment_id=122\" class=\"wp-image-122\" srcset=\"https:\/\/solar.everspc.de\/wp-content\/uploads\/2021\/11\/IMG_20211111_122039_276-1024x768.jpg 1024w, https:\/\/solar.everspc.de\/wp-content\/uploads\/2021\/11\/IMG_20211111_122039_276-300x225.jpg 300w, https:\/\/solar.everspc.de\/wp-content\/uploads\/2021\/11\/IMG_20211111_122039_276-768x576.jpg 768w, https:\/\/solar.everspc.de\/wp-content\/uploads\/2021\/11\/IMG_20211111_122039_276-1536x1152.jpg 1536w, https:\/\/solar.everspc.de\/wp-content\/uploads\/2021\/11\/IMG_20211111_122039_276-2048x1536.jpg 2048w, https:\/\/solar.everspc.de\/wp-content\/uploads\/2021\/11\/IMG_20211111_122039_276-100x75.jpg 100w, https:\/\/solar.everspc.de\/wp-content\/uploads\/2021\/11\/IMG_20211111_122039_276-150x113.jpg 150w, https:\/\/solar.everspc.de\/wp-content\/uploads\/2021\/11\/IMG_20211111_122039_276-200x150.jpg 200w, https:\/\/solar.everspc.de\/wp-content\/uploads\/2021\/11\/IMG_20211111_122039_276-450x338.jpg 450w, https:\/\/solar.everspc.de\/wp-content\/uploads\/2021\/11\/IMG_20211111_122039_276-600x450.jpg 600w, https:\/\/solar.everspc.de\/wp-content\/uploads\/2021\/11\/IMG_20211111_122039_276-900x675.jpg 900w\" sizes=\"(max-width: 1024px) 100vw, 1024px\" \/><\/figure><\/li><\/ul><\/figure>\n","protected":false},"excerpt":{"rendered":"<p>Ist das Dach belegt, k\u00f6nnte ein Vordach oder \u00dcberstand die L\u00f6sung f\u00fcr noch mehr Leistung aus der Sonne zu beziehen. Damit die Solarmodule allerdings nicht zu viel Licht im inneren des Geb\u00e4udes nehmen, gibt es Lichtdurchl\u00e4ssige Solarmodule. Bei diesen sind &hellip;<\/p>\n<p class=\"read-more\"> <a class=\"more-link\" href=\"https:\/\/solar.everspc.de\/?page_id=114\"> <span class=\"screen-reader-text\">Photovoltaik als Vordach und \u00dcberstand<\/span> Read More &raquo;<\/a><\/p>\n","protected":false},"author":1,"featured_media":0,"parent":0,"menu_order":0,"comment_status":"closed","ping_status":"closed","template":"","meta":{"footnotes":""},"yoast_head":"<!-- This site is optimized with the Yoast SEO plugin v22.4 - https:\/\/yoast.com\/wordpress\/plugins\/seo\/ -->\n<title>Photovoltaik als Vordach und \u00dcberstand -<\/title>\n<meta name=\"robots\" content=\"index, follow, max-snippet:-1, max-image-preview:large, max-video-preview:-1\" \/>\n<link rel=\"canonical\" href=\"https:\/\/solar.everspc.de\/?page_id=114\" \/>\n<meta property=\"og:locale\" content=\"de_DE\" \/>\n<meta property=\"og:type\" content=\"article\" \/>\n<meta property=\"og:title\" content=\"Photovoltaik als Vordach und \u00dcberstand -\" \/>\n<meta property=\"og:description\" content=\"Ist das Dach belegt, k\u00f6nnte ein Vordach oder \u00dcberstand die L\u00f6sung f\u00fcr noch mehr Leistung aus der Sonne zu beziehen. Damit die Solarmodule allerdings nicht zu viel Licht im inneren des Geb\u00e4udes nehmen, gibt es Lichtdurchl\u00e4ssige Solarmodule. Bei diesen sind &hellip; Photovoltaik als Vordach und \u00dcberstand Read More &raquo;\" \/>\n<meta property=\"og:url\" content=\"https:\/\/solar.everspc.de\/?page_id=114\" \/>\n<meta property=\"og:image\" content=\"http:\/\/solar.everspc.de\/wp-content\/uploads\/2021\/11\/IMG_20211111_122103_441-768x1024.jpg\" \/>\n<meta name=\"twitter:card\" content=\"summary_large_image\" \/>\n<script type=\"application\/ld+json\" class=\"yoast-schema-graph\">{\"@context\":\"https:\/\/schema.org\",\"@graph\":[{\"@type\":\"WebPage\",\"@id\":\"https:\/\/solar.everspc.de\/?page_id=114\",\"url\":\"https:\/\/solar.everspc.de\/?page_id=114\",\"name\":\"Photovoltaik als Vordach und \u00dcberstand -\",\"isPartOf\":{\"@id\":\"https:\/\/solar.everspc.de\/#website\"},\"primaryImageOfPage\":{\"@id\":\"https:\/\/solar.everspc.de\/?page_id=114#primaryimage\"},\"image\":{\"@id\":\"https:\/\/solar.everspc.de\/?page_id=114#primaryimage\"},\"thumbnailUrl\":\"http:\/\/solar.everspc.de\/wp-content\/uploads\/2021\/11\/IMG_20211111_122103_441-768x1024.jpg\",\"datePublished\":\"2021-11-11T13:14:20+00:00\",\"dateModified\":\"2021-11-11T13:14:20+00:00\",\"breadcrumb\":{\"@id\":\"https:\/\/solar.everspc.de\/?page_id=114#breadcrumb\"},\"inLanguage\":\"de\",\"potentialAction\":[{\"@type\":\"ReadAction\",\"target\":[\"https:\/\/solar.everspc.de\/?page_id=114\"]}]},{\"@type\":\"ImageObject\",\"inLanguage\":\"de\",\"@id\":\"https:\/\/solar.everspc.de\/?page_id=114#primaryimage\",\"url\":\"https:\/\/solar.everspc.de\/wp-content\/uploads\/2021\/11\/IMG_20211111_122103_441.jpg\",\"contentUrl\":\"https:\/\/solar.everspc.de\/wp-content\/uploads\/2021\/11\/IMG_20211111_122103_441.jpg\",\"width\":1728,\"height\":2304},{\"@type\":\"BreadcrumbList\",\"@id\":\"https:\/\/solar.everspc.de\/?page_id=114#breadcrumb\",\"itemListElement\":[{\"@type\":\"ListItem\",\"position\":1,\"name\":\"Startseite\",\"item\":\"https:\/\/solar.everspc.de\/\"},{\"@type\":\"ListItem\",\"position\":2,\"name\":\"Photovoltaik als Vordach und \u00dcberstand\"}]},{\"@type\":\"WebSite\",\"@id\":\"https:\/\/solar.everspc.de\/#website\",\"url\":\"https:\/\/solar.everspc.de\/\",\"name\":\"\",\"description\":\"Beratung, Planung und Verkauf\",\"publisher\":{\"@id\":\"https:\/\/solar.everspc.de\/#organization\"},\"potentialAction\":[{\"@type\":\"SearchAction\",\"target\":{\"@type\":\"EntryPoint\",\"urlTemplate\":\"https:\/\/solar.everspc.de\/?s={search_term_string}\"},\"query-input\":\"required name=search_term_string\"}],\"inLanguage\":\"de\"},{\"@type\":\"Organization\",\"@id\":\"https:\/\/solar.everspc.de\/#organization\",\"name\":\"Evers Photovoltaik - Beratung, Plaung, Verkauf\",\"url\":\"https:\/\/solar.everspc.de\/\",\"logo\":{\"@type\":\"ImageObject\",\"inLanguage\":\"de\",\"@id\":\"https:\/\/solar.everspc.de\/#\/schema\/logo\/image\/\",\"url\":\"https:\/\/solar.everspc.de\/wp-content\/uploads\/2021\/11\/Evers-Photovoltaik-2.png\",\"contentUrl\":\"https:\/\/solar.everspc.de\/wp-content\/uploads\/2021\/11\/Evers-Photovoltaik-2.png\",\"width\":300,\"height\":100,\"caption\":\"Evers Photovoltaik - Beratung, Plaung, Verkauf\"},\"image\":{\"@id\":\"https:\/\/solar.everspc.de\/#\/schema\/logo\/image\/\"}}]}<\/script>\n<!-- \/ Yoast SEO plugin. -->","yoast_head_json":{"title":"Photovoltaik als Vordach und \u00dcberstand -","robots":{"index":"index","follow":"follow","max-snippet":"max-snippet:-1","max-image-preview":"max-image-preview:large","max-video-preview":"max-video-preview:-1"},"canonical":"https:\/\/solar.everspc.de\/?page_id=114","og_locale":"de_DE","og_type":"article","og_title":"Photovoltaik als Vordach und \u00dcberstand -","og_description":"Ist das Dach belegt, k\u00f6nnte ein Vordach oder \u00dcberstand die L\u00f6sung f\u00fcr noch mehr Leistung aus der Sonne zu beziehen. Damit die Solarmodule allerdings nicht zu viel Licht im inneren des Geb\u00e4udes nehmen, gibt es Lichtdurchl\u00e4ssige Solarmodule. Bei diesen sind &hellip; Photovoltaik als Vordach und \u00dcberstand Read More &raquo;","og_url":"https:\/\/solar.everspc.de\/?page_id=114","og_image":[{"url":"http:\/\/solar.everspc.de\/wp-content\/uploads\/2021\/11\/IMG_20211111_122103_441-768x1024.jpg"}],"twitter_card":"summary_large_image","schema":{"@context":"https:\/\/schema.org","@graph":[{"@type":"WebPage","@id":"https:\/\/solar.everspc.de\/?page_id=114","url":"https:\/\/solar.everspc.de\/?page_id=114","name":"Photovoltaik als Vordach und \u00dcberstand -","isPartOf":{"@id":"https:\/\/solar.everspc.de\/#website"},"primaryImageOfPage":{"@id":"https:\/\/solar.everspc.de\/?page_id=114#primaryimage"},"image":{"@id":"https:\/\/solar.everspc.de\/?page_id=114#primaryimage"},"thumbnailUrl":"http:\/\/solar.everspc.de\/wp-content\/uploads\/2021\/11\/IMG_20211111_122103_441-768x1024.jpg","datePublished":"2021-11-11T13:14:20+00:00","dateModified":"2021-11-11T13:14:20+00:00","breadcrumb":{"@id":"https:\/\/solar.everspc.de\/?page_id=114#breadcrumb"},"inLanguage":"de","potentialAction":[{"@type":"ReadAction","target":["https:\/\/solar.everspc.de\/?page_id=114"]}]},{"@type":"ImageObject","inLanguage":"de","@id":"https:\/\/solar.everspc.de\/?page_id=114#primaryimage","url":"https:\/\/solar.everspc.de\/wp-content\/uploads\/2021\/11\/IMG_20211111_122103_441.jpg","contentUrl":"https:\/\/solar.everspc.de\/wp-content\/uploads\/2021\/11\/IMG_20211111_122103_441.jpg","width":1728,"height":2304},{"@type":"BreadcrumbList","@id":"https:\/\/solar.everspc.de\/?page_id=114#breadcrumb","itemListElement":[{"@type":"ListItem","position":1,"name":"Startseite","item":"https:\/\/solar.everspc.de\/"},{"@type":"ListItem","position":2,"name":"Photovoltaik als Vordach und \u00dcberstand"}]},{"@type":"WebSite","@id":"https:\/\/solar.everspc.de\/#website","url":"https:\/\/solar.everspc.de\/","name":"","description":"Beratung, Planung und Verkauf","publisher":{"@id":"https:\/\/solar.everspc.de\/#organization"},"potentialAction":[{"@type":"SearchAction","target":{"@type":"EntryPoint","urlTemplate":"https:\/\/solar.everspc.de\/?s={search_term_string}"},"query-input":"required name=search_term_string"}],"inLanguage":"de"},{"@type":"Organization","@id":"https:\/\/solar.everspc.de\/#organization","name":"Evers Photovoltaik - Beratung, Plaung, Verkauf","url":"https:\/\/solar.everspc.de\/","logo":{"@type":"ImageObject","inLanguage":"de","@id":"https:\/\/solar.everspc.de\/#\/schema\/logo\/image\/","url":"https:\/\/solar.everspc.de\/wp-content\/uploads\/2021\/11\/Evers-Photovoltaik-2.png","contentUrl":"https:\/\/solar.everspc.de\/wp-content\/uploads\/2021\/11\/Evers-Photovoltaik-2.png","width":300,"height":100,"caption":"Evers Photovoltaik - Beratung, Plaung, Verkauf"},"image":{"@id":"https:\/\/solar.everspc.de\/#\/schema\/logo\/image\/"}}]}},"_links":{"self":[{"href":"https:\/\/solar.everspc.de\/index.php?rest_route=\/wp\/v2\/pages\/114"}],"collection":[{"href":"https:\/\/solar.everspc.de\/index.php?rest_route=\/wp\/v2\/pages"}],"about":[{"href":"https:\/\/solar.everspc.de\/index.php?rest_route=\/wp\/v2\/types\/page"}],"author":[{"embeddable":true,"href":"https:\/\/solar.everspc.de\/index.php?rest_route=\/wp\/v2\/users\/1"}],"replies":[{"embeddable":true,"href":"https:\/\/solar.everspc.de\/index.php?rest_route=%2Fwp%2Fv2%2Fcomments&post=114"}],"version-history":[{"count":1,"href":"https:\/\/solar.everspc.de\/index.php?rest_route=\/wp\/v2\/pages\/114\/revisions"}],"predecessor-version":[{"id":123,"href":"https:\/\/solar.everspc.de\/index.php?rest_route=\/wp\/v2\/pages\/114\/revisions\/123"}],"wp:attachment":[{"href":"https:\/\/solar.everspc.de\/index.php?rest_route=%2Fwp%2Fv2%2Fmedia&parent=114"}],"curies":[{"name":"wp","href":"https:\/\/api.w.org\/{rel}","templated":true}]}}